{"id":1010,"date":"2025-12-16T17:41:35","date_gmt":"2025-12-16T16:41:35","guid":{"rendered":"https:\/\/vintagespiritgarage.fr\/?post_type=product&#038;p=1010"},"modified":"2025-12-16T17:48:13","modified_gmt":"2025-12-16T16:48:13","slug":"hdco-amorphis-whiskey","status":"publish","type":"product","link":"https:\/\/vintagespiritgarage.fr\/?product=hdco-amorphis-whiskey","title":{"rendered":"HDCO &#8211; Amorphis Whiskey"},"content":{"rendered":"<div class=\"page\" title=\"Page 38\">\n<div class=\"section\">\n<div class=\"layoutArea\">\n<div class=\"column\">\n<div class=\"page\" title=\"Page 39\">\n<div class=\"section\">\n<div class=\"layoutArea\">\n<div class=\"column\">\n<p>Amorphis, pilier absolu du metal finlandais depuis 1990, groupe culte passe\u0301 par toutes les plus grosses sce\u0300nes du monde, s\u2019est associe\u0301 a\u0300 la distillerie artisanale la plus prime\u0301e de Finlande pour cre\u0301er un whisky qui leur ressemble : profond, sombre, texture\u0301, sans compromis.<\/p>\n<p>Rye finlandais, malt d\u2019orge, sherry gourmand, bourbon nerveux et une fume\u0301e le\u0301ge\u0300re parfaitement dans le ton du groupe : un blend cisele\u0301, tendu, avec des couches a\u0300 explorer comme un album qu\u2019on re\u0301e\u0301coute.<\/p>\n<p>Ce n\u2019est pas un \u201cproduit de\u0301rive\u0301\u201d, mais une composition en liquide, fac\u0327onne\u0301e avec le groupe, du brassage aux fu\u0302ts.<\/p>\n<p>The Helsinki Distilling Company (HDCO) est le r\u00e9sultat des ambitions de trois amis de longue date experts et passionn\u00e9s de spiritueux, S\u00e9amus Holohan, Kai Kilpinen et Mikko Mykk\u00e4nen. Leur objectif est de produire des spiritueux haut de gamme.<\/p>\n<\/div>\n<\/div>\n<\/div>\n<\/div>\n<\/div>\n<\/div>\n<\/div>\n<\/div>\n","protected":false},"excerpt":{"rendered":"<div class=\"page\" title=\"Page 38\">\n<div class=\"section\">\n<div class=\"layoutArea\">\n<div class=\"column\">\n<p><strong>50 cl \u2022 47,5\u00b0<\/strong><\/p>\n<p>\u00c9dition limit\u00e9e<\/p>\n<p><strong>Composition<\/strong> : 100 % malt de seigle et d\u2019orge finlandais.<br \/>\n<strong>Maturation<\/strong> : fu\u0302ts de bourbon, de sherry et d\u2019Islay.<br \/>\n<strong>Palais<\/strong> : douceur du sherry, le\u0301ge\u0300re fume\u0301e, e\u0301pices du seigle, fruits secs, notes de chocolat noir.<br \/>\n<strong>Finale<\/strong> : longue, douce, seigle.<br \/>\n<strong>A\u0302ge<\/strong> : 3 a\u0300 5 ans de maturation.<\/p>\n<\/div>\n<\/div>\n<\/div>\n<\/div>\n","protected":false},"featured_media":1011,"comment_status":"open","ping_status":"closed","template":"","meta":[],"product_cat":[24],"product_tag":[],"_links":{"self":[{"href":"https:\/\/vintagespiritgarage.fr\/index.php?rest_route=\/wp\/v2\/product\/1010"}],"collection":[{"href":"https:\/\/vintagespiritgarage.fr\/index.php?rest_route=\/wp\/v2\/product"}],"about":[{"href":"https:\/\/vintagespiritgarage.fr\/index.php?rest_route=\/wp\/v2\/types\/product"}],"replies":[{"embeddable":true,"href":"https:\/\/vintagespiritgarage.fr\/index.php?rest_route=%2Fwp%2Fv2%2Fcomments&post=1010"}],"wp:featuredmedia":[{"embeddable":true,"href":"https:\/\/vintagespiritgarage.fr\/index.php?rest_route=\/wp\/v2\/media\/1011"}],"wp:attachment":[{"href":"https:\/\/vintagespiritgarage.fr\/index.php?rest_route=%2Fwp%2Fv2%2Fmedia&parent=1010"}],"wp:term":[{"taxonomy":"product_cat","embeddable":true,"href":"https:\/\/vintagespiritgarage.fr\/index.php?rest_route=%2Fwp%2Fv2%2Fproduct_cat&post=1010"},{"taxonomy":"product_tag","embeddable":true,"href":"https:\/\/vintagespiritgarage.fr\/index.php?rest_route=%2Fwp%2Fv2%2Fproduct_tag&post=1010"}],"curies":[{"name":"wp","href":"https:\/\/api.w.org\/{rel}","templated":true}]}}