{"id":1024,"date":"2026-04-15T10:02:41","date_gmt":"2026-04-15T09:02:41","guid":{"rendered":"https:\/\/vintagespiritgarage.fr\/?post_type=product&#038;p=1024"},"modified":"2026-04-15T10:05:36","modified_gmt":"2026-04-15T09:05:36","slug":"vinmouth-blanc","status":"publish","type":"product","link":"https:\/\/vintagespiritgarage.fr\/?product=vinmouth-blanc","title":{"rendered":"Vinmouth Blanc"},"content":{"rendered":"<p>Engag\u00e9s pour la puret\u00e9, Vinmouth n&rsquo;ajoute ni additifs ni sucre &#8211; un \u00ab\u00a0vermouth ind\u00e9pendant\u00a0\u00bb qui collabore exclusivement avec des vignerons en agriculture biologique.<\/p>\n","protected":false},"excerpt":{"rendered":"<div class=\"page\" title=\"Page 39\">\n<div class=\"section\">\n<div class=\"layoutArea\">\n<div class=\"column\">\n<div class=\"page\" title=\"Page 40\">\n<div class=\"section\">\n<div class=\"layoutArea\">\n<div class=\"column\">\n<div class=\"page\" title=\"Page 44\">\n<div class=\"section\">\n<div class=\"layoutArea\">\n<div class=\"column\">\n<p><b>75 cl \u2022 16,4\u00b0<\/b><\/p>\n<p><b>Vermouth blanc naturel<\/b><\/p>\n<p>Nez : herbac\u00e9 et frais, armoise, sauge, sureau et agrumes.<br \/>\nPalais : vif et aromatique, tension naturelle sans sucre ajout\u00e9.<br \/>\nFinale : l\u00e9g\u00e8re, fra\u00eeche, l\u00e9g\u00e8rement v\u00e9g\u00e9tale.<\/p>\n<p>100% Gros Manseng bio r\u00e9colt\u00e9 chez le Domaine Jean Daug\u00e9, vinifi\u00e9 et embouteill\u00e9 par 4 EVER WINE.<\/p>\n<p>\u00c0 servir frais (10\u00b0) avec un gla\u00e7on ou en cocktail.<\/p>\n<\/div>\n<\/div>\n<\/div>\n<\/div>\n<\/div>\n<\/div>\n<\/div>\n<\/div>\n<\/div>\n<\/div>\n<\/div>\n<\/div>\n","protected":false},"featured_media":1025,"comment_status":"open","ping_status":"closed","template":"","meta":[],"product_cat":[22],"product_tag":[],"_links":{"self":[{"href":"https:\/\/vintagespiritgarage.fr\/index.php?rest_route=\/wp\/v2\/product\/1024"}],"collection":[{"href":"https:\/\/vintagespiritgarage.fr\/index.php?rest_route=\/wp\/v2\/product"}],"about":[{"href":"https:\/\/vintagespiritgarage.fr\/index.php?rest_route=\/wp\/v2\/types\/product"}],"replies":[{"embeddable":true,"href":"https:\/\/vintagespiritgarage.fr\/index.php?rest_route=%2Fwp%2Fv2%2Fcomments&post=1024"}],"wp:featuredmedia":[{"embeddable":true,"href":"https:\/\/vintagespiritgarage.fr\/index.php?rest_route=\/wp\/v2\/media\/1025"}],"wp:attachment":[{"href":"https:\/\/vintagespiritgarage.fr\/index.php?rest_route=%2Fwp%2Fv2%2Fmedia&parent=1024"}],"wp:term":[{"taxonomy":"product_cat","embeddable":true,"href":"https:\/\/vintagespiritgarage.fr\/index.php?rest_route=%2Fwp%2Fv2%2Fproduct_cat&post=1024"},{"taxonomy":"product_tag","embeddable":true,"href":"https:\/\/vintagespiritgarage.fr\/index.php?rest_route=%2Fwp%2Fv2%2Fproduct_tag&post=1024"}],"curies":[{"name":"wp","href":"https:\/\/api.w.org\/{rel}","templated":true}]}}