{"id":1035,"date":"2026-04-15T11:07:03","date_gmt":"2026-04-15T10:07:03","guid":{"rendered":"https:\/\/vintagespiritgarage.fr\/?post_type=product&#038;p=1035"},"modified":"2026-04-15T11:13:03","modified_gmt":"2026-04-15T10:13:03","slug":"stoli-vodka","status":"publish","type":"product","link":"https:\/\/vintagespiritgarage.fr\/?product=stoli-vodka","title":{"rendered":"STOLI VODKA"},"content":{"rendered":"<p>La vodka Stoli est produite \u00e0 partir de bl\u00e9 et de seigle, distill\u00e9e par la distillerie Talvis \u00e0 Tambov (Russie) pour obtenir un alcool \u00e0 96,3\u00b0, puis transf\u00e9r\u00e9e \u00e0 la distillerie Latvijas Balzams \u00e0 Riga en Lettonie, o\u00f9 elle subit quatre filtrations successives : sable de quartz ultra fin, charbon de bouleau, puis \u00e0 nouveau les deux. Depuis 2022, la marque s&rsquo;appelle \u00ab\u00a0Stoli\u00a0\u00bb sur le march\u00e9 international, en r\u00e9ponse directe au conflit russo-ukrainien.<\/p>\n","protected":false},"excerpt":{"rendered":"<p>70 cl \u2022 40\u00b0<\/p>\n<p>Stolichnaya, ou \u00ab Stoli \u00bb, est l&rsquo;une des vodkas les plus embl\u00e9matiques au monde, \u00e9labor\u00e9e \u00e0 partir de bl\u00e9 et de seigle s\u00e9lectionn\u00e9s, distill\u00e9e et filtr\u00e9e selon un processus rigoureux. Une r\u00e9f\u00e9rence incontournable, aussi bien \u00e0 d\u00e9guster pure que dans les grands cocktails classiques.<\/p>\n<p><strong>Couleur : <\/strong>Limpide, brillante, cristalline<br \/>\n<strong>Nez<\/strong> : ar\u00f4mes fruit\u00e9s et min\u00e9raux, l\u00e9g\u00e8re touche de guimauve.<br \/>\n<strong>Palais<\/strong> : velout\u00e9e et l\u00e9g\u00e8re, notes de fleurs, d&rsquo;\u00e9corce de citron et de vanille.<br \/>\n<strong>Finale<\/strong> : douce avec de fines notes de poivre.<span class=\"Apple-converted-space\"><br \/>\n<\/span><strong>D\u00e9gustation<\/strong> : Sydney Espresso Martini<\/p>\n","protected":false},"featured_media":1036,"comment_status":"open","ping_status":"closed","template":"","meta":[],"product_cat":[15],"product_tag":[],"_links":{"self":[{"href":"https:\/\/vintagespiritgarage.fr\/index.php?rest_route=\/wp\/v2\/product\/1035"}],"collection":[{"href":"https:\/\/vintagespiritgarage.fr\/index.php?rest_route=\/wp\/v2\/product"}],"about":[{"href":"https:\/\/vintagespiritgarage.fr\/index.php?rest_route=\/wp\/v2\/types\/product"}],"replies":[{"embeddable":true,"href":"https:\/\/vintagespiritgarage.fr\/index.php?rest_route=%2Fwp%2Fv2%2Fcomments&post=1035"}],"wp:featuredmedia":[{"embeddable":true,"href":"https:\/\/vintagespiritgarage.fr\/index.php?rest_route=\/wp\/v2\/media\/1036"}],"wp:attachment":[{"href":"https:\/\/vintagespiritgarage.fr\/index.php?rest_route=%2Fwp%2Fv2%2Fmedia&parent=1035"}],"wp:term":[{"taxonomy":"product_cat","embeddable":true,"href":"https:\/\/vintagespiritgarage.fr\/index.php?rest_route=%2Fwp%2Fv2%2Fproduct_cat&post=1035"},{"taxonomy":"product_tag","embeddable":true,"href":"https:\/\/vintagespiritgarage.fr\/index.php?rest_route=%2Fwp%2Fv2%2Fproduct_tag&post=1035"}],"curies":[{"name":"wp","href":"https:\/\/api.w.org\/{rel}","templated":true}]}}