{"id":346,"date":"2017-04-03T13:40:35","date_gmt":"2017-04-03T12:40:35","guid":{"rendered":"http:\/\/vintagespiritgarage.fr\/?post_type=product&#038;p=346"},"modified":"2023-01-25T10:45:29","modified_gmt":"2023-01-25T09:45:29","slug":"helsinki-dry-gin","status":"publish","type":"product","link":"https:\/\/vintagespiritgarage.fr\/?product=helsinki-dry-gin","title":{"rendered":"Helsinki Dry Gin"},"content":{"rendered":"<div class=\"page\" title=\"Page 34\">\n<div class=\"layoutArea\">\n<div class=\"column\">\n<p>The Helsinki Distilling est le re\u0301sultat des ambitions de trois amis de longue date experts et passionne\u0301s de spiritueux, Se\u0301amus Holohan, Kai Kilpinen et Mikko Mykka\u0308nen. Leur objectif est de produire des spiritueux haut de gamme.<\/p>\n<\/div>\n<\/div>\n<\/div>\n<p>&nbsp;<\/p>\n","protected":false},"excerpt":{"rendered":"<p>Helsinki Dry Gin est un gin artisanal, haut de gamme distill\u00e9 avec neuf plantes cueillies \u00e0 la main dont les airelles d\u2019arctique.<\/p>\n<p>M\u00e9lang\u00e9 avec l&rsquo;eau finlandaise la plus pure, ce gin est solide et \u00e9quilibr\u00e9, avec des ar\u00f4mes et des saveurs d&rsquo;agrumes foresti\u00e8res et florales nordiques.<\/p>\n<p>Son go\u00fbt unique vient d\u2019airelles finlandaises, de gen\u00e9vrier balkanique riche, d&rsquo;orange de S\u00e9ville et des \u00e9corces de citron. En bouche, on retrouve le fenouil, les graines de coriandre, la racine d\u2019Orris, la racine d&rsquo;Angelica et un subtil gout de p\u00e9tales de roses.<\/p>\n<p>Le gin est distill\u00e9 \u00e0 47 % et laisse une sensation lisse, agr\u00e9able en bouche, il n\u2019a pas de filtration \u00e0 froid.<\/p>\n","protected":false},"featured_media":707,"comment_status":"open","ping_status":"closed","template":"","meta":[],"product_cat":[19],"product_tag":[],"_links":{"self":[{"href":"https:\/\/vintagespiritgarage.fr\/index.php?rest_route=\/wp\/v2\/product\/346"}],"collection":[{"href":"https:\/\/vintagespiritgarage.fr\/index.php?rest_route=\/wp\/v2\/product"}],"about":[{"href":"https:\/\/vintagespiritgarage.fr\/index.php?rest_route=\/wp\/v2\/types\/product"}],"replies":[{"embeddable":true,"href":"https:\/\/vintagespiritgarage.fr\/index.php?rest_route=%2Fwp%2Fv2%2Fcomments&post=346"}],"wp:featuredmedia":[{"embeddable":true,"href":"https:\/\/vintagespiritgarage.fr\/index.php?rest_route=\/wp\/v2\/media\/707"}],"wp:attachment":[{"href":"https:\/\/vintagespiritgarage.fr\/index.php?rest_route=%2Fwp%2Fv2%2Fmedia&parent=346"}],"wp:term":[{"taxonomy":"product_cat","embeddable":true,"href":"https:\/\/vintagespiritgarage.fr\/index.php?rest_route=%2Fwp%2Fv2%2Fproduct_cat&post=346"},{"taxonomy":"product_tag","embeddable":true,"href":"https:\/\/vintagespiritgarage.fr\/index.php?rest_route=%2Fwp%2Fv2%2Fproduct_tag&post=346"}],"curies":[{"name":"wp","href":"https:\/\/api.w.org\/{rel}","templated":true}]}}