{"id":401,"date":"2019-02-04T16:40:16","date_gmt":"2019-02-04T15:40:16","guid":{"rendered":"http:\/\/vintagespiritgarage.fr\/?post_type=product&#038;p=401"},"modified":"2025-02-26T16:30:21","modified_gmt":"2025-02-26T15:30:21","slug":"the-bitter-truth","status":"publish","type":"product","link":"https:\/\/vintagespiritgarage.fr\/?product=the-bitter-truth","title":{"rendered":"Liqueurs The Bitter Truth"},"content":{"rendered":"<p><strong>ORIGINE<\/strong>\u00a0: ALLEMAGNE<\/p>\n<p>Suite au Boutique Bar Show en 2006, Stephan Berg et Alexander Hauck cr\u00e9ent, The Bitter Truth, une gamme de bitter con\u00e7ue pour r\u00e9pondre aux besoins des barmen et leur proposer une gamme de produits naturels pour r\u00e9aliser des recettes classiques ou plus originales<\/p>\n<p>Cette gamme s\u2019est progressivement \u00e9tendue \u00e0 des liqueurs.<\/p>\n<p>&nbsp;<\/p>\n","protected":false},"excerpt":{"rendered":"<p><strong><em>Fleur de sureau\u00a0<\/em><\/strong>: m\u00e9lange d\u2019un ap\u00e9ritif \u00e0 base de vin \u00e9pic\u00e9 et une liqueur naturel florale. Id\u00e9al pour cocktail \u00e0 base de champagne de vin et alcools blancs (Gin, Vodka, Tequila, Pisco). La fleur de sureau domine avec des notes de miel, coing et raisin ferment\u00e9.<\/p>\n<p><strong>Golden Falernum<\/strong> : Liqueur de rhum a\u0300 la saveur riche et complexe. Excellent compagnon pour le Whisk(e)y et le rhum, ingre\u0301dient indispensable dans de nombreuses boissons Tiki. Notes subtiles de gingembre puis amande, vanille et piment doux. Zeste de citron vert en finale.<\/p>\n<p><strong><em>Liqueur d\u2019abricot\u00a0<\/em><\/strong>: m\u00e9lange de jus d\u2019abricot gorg\u00e9s de soleil dans du <em>schnaps<\/em>. Indispensable dans les cocktails modernes et classiques. Les ar\u00f4mes d\u2019abricot dominent avec des notes d\u2019amande. Cocktails\u00a0: Hock Martini Charlie Chaplin<\/p>\n<p><strong><em>Pimento Dram <\/em><\/strong><em>: <\/em>Piments et \u00e9pices de Jama\u00efque dans un rhum jama\u00efcain. Id\u00e9al pour tous les alcools parfum\u00e9es (whisky, rhum vieilli, tequila). Clou de girofle, cannelle, muscade et poivre avec une persistance en bouche<\/p>\n<p><strong><em>Liqueur de violette\u00a0<\/em><\/strong>: Fleurs violettes alpines sauvages dans un <em>finest neutral spirit<br \/>\n<\/em>Cocktails classiques (Aviation \u2013 Blue Moon) et modernes (Violet Fizz)<\/p>\n","protected":false},"featured_media":403,"comment_status":"open","ping_status":"closed","template":"","meta":[],"product_cat":[17],"product_tag":[],"_links":{"self":[{"href":"https:\/\/vintagespiritgarage.fr\/index.php?rest_route=\/wp\/v2\/product\/401"}],"collection":[{"href":"https:\/\/vintagespiritgarage.fr\/index.php?rest_route=\/wp\/v2\/product"}],"about":[{"href":"https:\/\/vintagespiritgarage.fr\/index.php?rest_route=\/wp\/v2\/types\/product"}],"replies":[{"embeddable":true,"href":"https:\/\/vintagespiritgarage.fr\/index.php?rest_route=%2Fwp%2Fv2%2Fcomments&post=401"}],"wp:featuredmedia":[{"embeddable":true,"href":"https:\/\/vintagespiritgarage.fr\/index.php?rest_route=\/wp\/v2\/media\/403"}],"wp:attachment":[{"href":"https:\/\/vintagespiritgarage.fr\/index.php?rest_route=%2Fwp%2Fv2%2Fmedia&parent=401"}],"wp:term":[{"taxonomy":"product_cat","embeddable":true,"href":"https:\/\/vintagespiritgarage.fr\/index.php?rest_route=%2Fwp%2Fv2%2Fproduct_cat&post=401"},{"taxonomy":"product_tag","embeddable":true,"href":"https:\/\/vintagespiritgarage.fr\/index.php?rest_route=%2Fwp%2Fv2%2Fproduct_tag&post=401"}],"curies":[{"name":"wp","href":"https:\/\/api.w.org\/{rel}","templated":true}]}}