{"id":482,"date":"2019-09-06T09:45:25","date_gmt":"2019-09-06T08:45:25","guid":{"rendered":"http:\/\/vintagespiritgarage.fr\/?post_type=product&#038;p=482"},"modified":"2022-11-14T17:03:19","modified_gmt":"2022-11-14T16:03:19","slug":"pampelle","status":"publish","type":"product","link":"https:\/\/vintagespiritgarage.fr\/?product=pampelle","title":{"rendered":"Pampelle"},"content":{"rendered":"","protected":false},"excerpt":{"rendered":"<p class=\"p1\"><span class=\"s1\">ORIGINE : <\/span>FRANCE, Corse et Cognac<\/p>\n<p class=\"p1\">70 CL \u2013 15\u00b0<\/p>\n<p class=\"p2\">L\u2019ap\u00e9ritif Pampelle est distill\u00e9 \u00e0 Cognac, \u00e0 partir de fruits corses. La vari\u00e9t\u00e9 de pamplemousse Star Ruby a \u00e9t\u00e9 choisie pour l\u2019intensit\u00e9 de sa couleur et sa d\u00e9licieuse saveur. Ces fruits certifi\u00e9s bio, sont consid\u00e9r\u00e9s comme l\u2019une des vari\u00e9t\u00e9s la plus difficile \u00e0 cultiver. Apr\u00e8s mac\u00e9ration des fruits, une partie est distill\u00e9e dans des alambics en cuivre, afin de renforcer les ar\u00f4mes naturels d\u2019agrumes. \u00c0 ceux-ci sont ajout\u00e9s des \u00e9corces d\u2019autres agrumes de qualit\u00e9, provenant du monde entier : du yuzu du Japon, du c\u00e9drat de France ainsi que du bigarade d\u2019Ha\u00efti. Les lots sont ensuite m\u00e9lang\u00e9s avec de l\u2019\u00e9corce de quinine, des bitters de racine de gentiane, et notre eau-de-vie signature.<\/p>\n<p class=\"p2\">Palais : Go\u00fbt aigre-doux du pamplemousse<\/p>\n<p class=\"p3\">L\u00e9ger, rafra\u00eechissant mais complexe<\/p>\n<p class=\"p1\"><span class=\"s1\">Couleur : <\/span>Rouge rubis<\/p>\n<p class=\"p1\">\n","protected":false},"featured_media":548,"comment_status":"open","ping_status":"closed","template":"","meta":[],"product_cat":[17],"product_tag":[],"_links":{"self":[{"href":"https:\/\/vintagespiritgarage.fr\/index.php?rest_route=\/wp\/v2\/product\/482"}],"collection":[{"href":"https:\/\/vintagespiritgarage.fr\/index.php?rest_route=\/wp\/v2\/product"}],"about":[{"href":"https:\/\/vintagespiritgarage.fr\/index.php?rest_route=\/wp\/v2\/types\/product"}],"replies":[{"embeddable":true,"href":"https:\/\/vintagespiritgarage.fr\/index.php?rest_route=%2Fwp%2Fv2%2Fcomments&post=482"}],"wp:featuredmedia":[{"embeddable":true,"href":"https:\/\/vintagespiritgarage.fr\/index.php?rest_route=\/wp\/v2\/media\/548"}],"wp:attachment":[{"href":"https:\/\/vintagespiritgarage.fr\/index.php?rest_route=%2Fwp%2Fv2%2Fmedia&parent=482"}],"wp:term":[{"taxonomy":"product_cat","embeddable":true,"href":"https:\/\/vintagespiritgarage.fr\/index.php?rest_route=%2Fwp%2Fv2%2Fproduct_cat&post=482"},{"taxonomy":"product_tag","embeddable":true,"href":"https:\/\/vintagespiritgarage.fr\/index.php?rest_route=%2Fwp%2Fv2%2Fproduct_tag&post=482"}],"curies":[{"name":"wp","href":"https:\/\/api.w.org\/{rel}","templated":true}]}}