{"id":495,"date":"2019-09-06T14:17:12","date_gmt":"2019-09-06T13:17:12","guid":{"rendered":"http:\/\/vintagespiritgarage.fr\/?post_type=product&#038;p=495"},"modified":"2019-11-20T15:46:58","modified_gmt":"2019-11-20T14:46:58","slug":"495","status":"publish","type":"product","link":"https:\/\/vintagespiritgarage.fr\/?product=495","title":{"rendered":"La Rep\u00fablica Amaz\u00f3nica"},"content":{"rendered":"<p>ORIGINE : BOLIVIE<\/p>\n<p>La Rep\u00fablica Andina est un gin bolivien peu conventionnel, incolore, au go\u00fbt et parfum puissants, r\u00e9sultant de l\u2019emploi de botaniques fra\u00eeches et naturelles.<br \/>\nCes diff\u00e9rentes recettes s\u2019inspirent des traditionnels London Dry, tout en pr\u00e9sentant des accents de saveurs latines, li\u00e9es au territoire de la r\u00e9gion productrice.<br \/>\nBotaniques communes aux 2 recettes : Gen\u00e9vrier, Coriandre, Cardamome, Orange, Citron, Anis, Cannelle et gingembre.<\/p>\n","protected":false},"excerpt":{"rendered":"<p>42\u00b0<\/p>\n<p><strong>Nez<\/strong> : Agrumes, notes fum\u00e9es<\/p>\n<p><strong>Palais<\/strong> : Gras, puis herbac\u00e9 et notes de bois br\u00fbl\u00e9<\/p>\n<p><strong>Finale<\/strong> : D\u00e9licate et tr\u00e8s persistante, avec notes d\u2019orange et de gingembre.<\/p>\n<p>Botaniques Amazonica : A\u00e7a\u00ed, Copoaz\u00fa, Sacha Culantro (Eryngium foetidum), Aj\u00ed gusano (petit piment), Cacao, Chuchuwuasi (Maytenus laevis), Canellon, Bois Sacr\u00e9.<\/p>\n","protected":false},"featured_media":542,"comment_status":"open","ping_status":"closed","template":"","meta":[],"product_cat":[19],"product_tag":[],"_links":{"self":[{"href":"https:\/\/vintagespiritgarage.fr\/index.php?rest_route=\/wp\/v2\/product\/495"}],"collection":[{"href":"https:\/\/vintagespiritgarage.fr\/index.php?rest_route=\/wp\/v2\/product"}],"about":[{"href":"https:\/\/vintagespiritgarage.fr\/index.php?rest_route=\/wp\/v2\/types\/product"}],"replies":[{"embeddable":true,"href":"https:\/\/vintagespiritgarage.fr\/index.php?rest_route=%2Fwp%2Fv2%2Fcomments&post=495"}],"wp:featuredmedia":[{"embeddable":true,"href":"https:\/\/vintagespiritgarage.fr\/index.php?rest_route=\/wp\/v2\/media\/542"}],"wp:attachment":[{"href":"https:\/\/vintagespiritgarage.fr\/index.php?rest_route=%2Fwp%2Fv2%2Fmedia&parent=495"}],"wp:term":[{"taxonomy":"product_cat","embeddable":true,"href":"https:\/\/vintagespiritgarage.fr\/index.php?rest_route=%2Fwp%2Fv2%2Fproduct_cat&post=495"},{"taxonomy":"product_tag","embeddable":true,"href":"https:\/\/vintagespiritgarage.fr\/index.php?rest_route=%2Fwp%2Fv2%2Fproduct_tag&post=495"}],"curies":[{"name":"wp","href":"https:\/\/api.w.org\/{rel}","templated":true}]}}