{"id":558,"date":"2020-06-25T14:25:59","date_gmt":"2020-06-25T13:25:59","guid":{"rendered":"http:\/\/vintagespiritgarage.fr\/?post_type=product&#038;p=558"},"modified":"2020-06-25T14:28:12","modified_gmt":"2020-06-25T13:28:12","slug":"vermouth-berto-bianco","status":"publish","type":"product","link":"https:\/\/vintagespiritgarage.fr\/?product=vermouth-berto-bianco","title":{"rendered":"Vermouth Berto Bianco"},"content":{"rendered":"<p><strong>ORIGINE<\/strong>\u00a0: Italie &#8211; <em>Castelnuovo Don Bosco <\/em><\/p>\n<p><em>Province d\u2019Asti<\/em> dans le Piemont<\/p>\n<p>La distillerie a \u00e9t\u00e9 fond\u00e9e en 1890. Aujourd\u2019hui, elle est dirig\u00e9e par Carlo, l\u2019arri\u00e8re-petit-fils du fondateur<\/p>\n","protected":false},"excerpt":{"rendered":"<p>100 cl \u2013 17\u00b0<\/p>\n<p>Recette historique \u00e0 base de vin blanc, de sucre, d\u2019herbes fraiches et d\u2019\u00e9pices.<\/p>\n<p>Le vieillissement apporte une \u00e9l\u00e9gante couleur ambr\u00e9e.<\/p>\n<p>On note des ar\u00f4mes de fleurs blanches, de vanille, de cannelle et de rasins secs.<\/p>\n<p><strong>Palais<\/strong>\u00a0: doux et velout\u00e9<\/p>\n<p><strong>Finale<\/strong>\u00a0: am\u00e8re et \u00e9pic\u00e9e<\/p>\n<p>Service \u00e0 14\u00b0 dans de large verre avec du saumon fum\u00e9, des g\u00e2teaux secs, de la glace et un zeste d\u2019orange<\/p>\n","protected":false},"featured_media":559,"comment_status":"open","ping_status":"closed","template":"","meta":[],"product_cat":[22],"product_tag":[],"_links":{"self":[{"href":"https:\/\/vintagespiritgarage.fr\/index.php?rest_route=\/wp\/v2\/product\/558"}],"collection":[{"href":"https:\/\/vintagespiritgarage.fr\/index.php?rest_route=\/wp\/v2\/product"}],"about":[{"href":"https:\/\/vintagespiritgarage.fr\/index.php?rest_route=\/wp\/v2\/types\/product"}],"replies":[{"embeddable":true,"href":"https:\/\/vintagespiritgarage.fr\/index.php?rest_route=%2Fwp%2Fv2%2Fcomments&post=558"}],"wp:featuredmedia":[{"embeddable":true,"href":"https:\/\/vintagespiritgarage.fr\/index.php?rest_route=\/wp\/v2\/media\/559"}],"wp:attachment":[{"href":"https:\/\/vintagespiritgarage.fr\/index.php?rest_route=%2Fwp%2Fv2%2Fmedia&parent=558"}],"wp:term":[{"taxonomy":"product_cat","embeddable":true,"href":"https:\/\/vintagespiritgarage.fr\/index.php?rest_route=%2Fwp%2Fv2%2Fproduct_cat&post=558"},{"taxonomy":"product_tag","embeddable":true,"href":"https:\/\/vintagespiritgarage.fr\/index.php?rest_route=%2Fwp%2Fv2%2Fproduct_tag&post=558"}],"curies":[{"name":"wp","href":"https:\/\/api.w.org\/{rel}","templated":true}]}}