{"id":610,"date":"2021-04-08T11:35:01","date_gmt":"2021-04-08T10:35:01","guid":{"rendered":"http:\/\/vintagespiritgarage.fr\/?post_type=product&#038;p=610"},"modified":"2022-01-24T17:53:45","modified_gmt":"2022-01-24T16:53:45","slug":"vodka-nuage","status":"publish","type":"product","link":"https:\/\/vintagespiritgarage.fr\/?product=vodka-nuage","title":{"rendered":"Vodka Nuage"},"content":{"rendered":"<p class=\"p1\">La Vodka Nuage est une vodka premium produite dans les Charentes, r\u00e9gion au savoir-faire ancestral en mati\u00e8re d\u2019\u00e9laboration, de distillation et d\u2019assemblage de spiritueux les plus fins.<\/p>\n<p class=\"p1\">Elle est \u00e9labor\u00e9e \u00e0 partir de bl\u00e9 de premi\u00e8re qualit\u00e9 du nord de la France, r\u00e9put\u00e9 pour ses sols riches et fertiles. Ces c\u00e9r\u00e9ales une fois ferment\u00e9es, sont distill\u00e9es en colonne \u00e0 haut degr\u00e9 d\u2019alcool pour \u00e9liminer toute impuret\u00e9, et les raffiner au maximum, afin d\u2019obtenir un distillat d\u2019une grande puret\u00e9. Puis est ajout\u00e9 \u00e0 ce noble alcool l\u2019eau pure des Charentes afin de r\u00e9duire son degr\u00e9 \u00e0 40%. Une derni\u00e8re filtration sur charbon permet de conf\u00e9rer une rondeur et douceur unique \u00e0 la vodka Nuage.<\/p>\n<p class=\"p1\">Sa puret\u00e9, sa rondeur et ses subtils ar\u00f4mes, font de la vodka Nuage une base parfaite pour tout cocktail, ou pour \u00eatre consomm\u00e9e allong\u00e9e de jus de fruits frais ou de tonic, et bien entendu givr\u00e9e avec du saumon fum\u00e9 ou du caviar. Bref, tous les pr\u00e9textes sont bons, voire excellents !<\/p>\n","protected":false},"excerpt":{"rendered":"<p class=\"p1\">70 cl \u2022 40\u00b0<\/p>\n<p class=\"p1\"><b>Nez <\/b>: Notes tr\u00e8s subtiles<\/p>\n<p class=\"p1\"><b>Palais<\/b> : Sans amertume ni rugosit\u00e9, beaucoup de rondeur et de fra\u00eecheur, d\u00e9licat, frais et simple<\/p>\n<p class=\"p1\"><b>D\u00e9gustation<\/b> : Pure, rel\u00e8ve aussi tous les jus de fruits et entre dans la composition de tous les cocktails<\/p>\n","protected":false},"featured_media":680,"comment_status":"open","ping_status":"closed","template":"","meta":[],"product_cat":[15],"product_tag":[],"_links":{"self":[{"href":"https:\/\/vintagespiritgarage.fr\/index.php?rest_route=\/wp\/v2\/product\/610"}],"collection":[{"href":"https:\/\/vintagespiritgarage.fr\/index.php?rest_route=\/wp\/v2\/product"}],"about":[{"href":"https:\/\/vintagespiritgarage.fr\/index.php?rest_route=\/wp\/v2\/types\/product"}],"replies":[{"embeddable":true,"href":"https:\/\/vintagespiritgarage.fr\/index.php?rest_route=%2Fwp%2Fv2%2Fcomments&post=610"}],"wp:featuredmedia":[{"embeddable":true,"href":"https:\/\/vintagespiritgarage.fr\/index.php?rest_route=\/wp\/v2\/media\/680"}],"wp:attachment":[{"href":"https:\/\/vintagespiritgarage.fr\/index.php?rest_route=%2Fwp%2Fv2%2Fmedia&parent=610"}],"wp:term":[{"taxonomy":"product_cat","embeddable":true,"href":"https:\/\/vintagespiritgarage.fr\/index.php?rest_route=%2Fwp%2Fv2%2Fproduct_cat&post=610"},{"taxonomy":"product_tag","embeddable":true,"href":"https:\/\/vintagespiritgarage.fr\/index.php?rest_route=%2Fwp%2Fv2%2Fproduct_tag&post=610"}],"curies":[{"name":"wp","href":"https:\/\/api.w.org\/{rel}","templated":true}]}}