{"id":615,"date":"2021-04-08T11:46:41","date_gmt":"2021-04-08T10:46:41","guid":{"rendered":"http:\/\/vintagespiritgarage.fr\/?post_type=product&#038;p=615"},"modified":"2021-04-08T11:46:41","modified_gmt":"2021-04-08T10:46:41","slug":"vermouth-blanc-la-ina","status":"publish","type":"product","link":"https:\/\/vintagespiritgarage.fr\/?product=vermouth-blanc-la-ina","title":{"rendered":"Vermouth Blanc La Ina"},"content":{"rendered":"","protected":false},"excerpt":{"rendered":"<p class=\"p1\">70 cl \u2022 15\u00b0<\/p>\n<p class=\"p1\"><b>Couleur<\/b> : Jaune intense, reflets dor\u00e9s<\/p>\n<p class=\"p1\"><b>Palais<\/b> : Frais et parfum\u00e9. Notes de cannelle, de gentiane et de zeste d&rsquo;orange. Doux, \u00e9quilibr\u00e9 par une acidit\u00e9 rafra\u00eechissante, notes am\u00e8res et salines<\/p>\n<p class=\"p1\"><b>Finale<\/b> : Subtile, noisette<\/p>\n<p class=\"p1\">L\u2019authenticit\u00e9 de ce vermouth blanc provient de la combinaison de plantes soigneusement s\u00e9lectionn\u00e9es et d\u2019un vin de base unique\u00a0: un Fino de Jerez, sec et au go\u00fbt de noix. Les principales plantes qui caract\u00e9risent la saveur de ce vermouth sont l\u2019absinthe, la gentiane, le zeste d\u2019orange, le romarin et le thym.<\/p>\n","protected":false},"featured_media":614,"comment_status":"open","ping_status":"closed","template":"","meta":[],"product_cat":[22],"product_tag":[],"_links":{"self":[{"href":"https:\/\/vintagespiritgarage.fr\/index.php?rest_route=\/wp\/v2\/product\/615"}],"collection":[{"href":"https:\/\/vintagespiritgarage.fr\/index.php?rest_route=\/wp\/v2\/product"}],"about":[{"href":"https:\/\/vintagespiritgarage.fr\/index.php?rest_route=\/wp\/v2\/types\/product"}],"replies":[{"embeddable":true,"href":"https:\/\/vintagespiritgarage.fr\/index.php?rest_route=%2Fwp%2Fv2%2Fcomments&post=615"}],"wp:featuredmedia":[{"embeddable":true,"href":"https:\/\/vintagespiritgarage.fr\/index.php?rest_route=\/wp\/v2\/media\/614"}],"wp:attachment":[{"href":"https:\/\/vintagespiritgarage.fr\/index.php?rest_route=%2Fwp%2Fv2%2Fmedia&parent=615"}],"wp:term":[{"taxonomy":"product_cat","embeddable":true,"href":"https:\/\/vintagespiritgarage.fr\/index.php?rest_route=%2Fwp%2Fv2%2Fproduct_cat&post=615"},{"taxonomy":"product_tag","embeddable":true,"href":"https:\/\/vintagespiritgarage.fr\/index.php?rest_route=%2Fwp%2Fv2%2Fproduct_tag&post=615"}],"curies":[{"name":"wp","href":"https:\/\/api.w.org\/{rel}","templated":true}]}}