{"id":696,"date":"2022-01-25T10:55:00","date_gmt":"2022-01-25T09:55:00","guid":{"rendered":"https:\/\/vintagespiritgarage.fr\/?post_type=product&#038;p=696"},"modified":"2022-01-25T10:55:38","modified_gmt":"2022-01-25T09:55:38","slug":"ron-solera-12-ans","status":"publish","type":"product","link":"https:\/\/vintagespiritgarage.fr\/?product=ron-solera-12-ans","title":{"rendered":"Mandatario Ron Solera 12 ans"},"content":{"rendered":"","protected":false},"excerpt":{"rendered":"<p class=\"p1\"><span class=\"s1\">Fermentation de m\u00e9lasse, double distillation puis vieillissement selon la m\u00e9thode solera. Ce rhum a \u00e9t\u00e9 vieilli 12 ans en f\u00fbts de ch\u00eane ayant servi pour le cognac et Grand Marnier, s\u00e9lectionn\u00e9s avec soin.<\/span><\/p>\n<p class=\"p1\"><strong>70 cl \u2022 40\u00b0<\/strong><\/p>\n<p class=\"p1\">Seulement 300 bouteilles disponibles<\/p>\n<p class=\"p1\"><b>Couleur <\/b>: Acajou, ambr\u00e9e intense aux reflets dor\u00e9s<\/p>\n<p class=\"p1\"><b>Nez : <\/b>L\u00e9g\u00e8res notes de caf\u00e9 et de fruits, en particulier noix de coco et orange<\/p>\n<p class=\"p1\"><b>Palais<\/b> : Saveur distincte et agr\u00e9able de vanille et d\u2019orange, d\u2019amande et de fruits secs.<\/p>\n<p class=\"p1\"><b>Finale<\/b> : Fruit\u00e9e raffin\u00e9e, notes bois\u00e9es<\/p>\n<p class=\"p1\"><b>Consommation<\/b> : Seul ou avec de la glace<\/p>\n","protected":false},"featured_media":694,"comment_status":"open","ping_status":"closed","template":"","meta":[],"product_cat":[37],"product_tag":[],"_links":{"self":[{"href":"https:\/\/vintagespiritgarage.fr\/index.php?rest_route=\/wp\/v2\/product\/696"}],"collection":[{"href":"https:\/\/vintagespiritgarage.fr\/index.php?rest_route=\/wp\/v2\/product"}],"about":[{"href":"https:\/\/vintagespiritgarage.fr\/index.php?rest_route=\/wp\/v2\/types\/product"}],"replies":[{"embeddable":true,"href":"https:\/\/vintagespiritgarage.fr\/index.php?rest_route=%2Fwp%2Fv2%2Fcomments&post=696"}],"wp:featuredmedia":[{"embeddable":true,"href":"https:\/\/vintagespiritgarage.fr\/index.php?rest_route=\/wp\/v2\/media\/694"}],"wp:attachment":[{"href":"https:\/\/vintagespiritgarage.fr\/index.php?rest_route=%2Fwp%2Fv2%2Fmedia&parent=696"}],"wp:term":[{"taxonomy":"product_cat","embeddable":true,"href":"https:\/\/vintagespiritgarage.fr\/index.php?rest_route=%2Fwp%2Fv2%2Fproduct_cat&post=696"},{"taxonomy":"product_tag","embeddable":true,"href":"https:\/\/vintagespiritgarage.fr\/index.php?rest_route=%2Fwp%2Fv2%2Fproduct_tag&post=696"}],"curies":[{"name":"wp","href":"https:\/\/api.w.org\/{rel}","templated":true}]}}