{"id":73,"date":"2015-03-06T17:45:02","date_gmt":"2015-03-06T16:45:02","guid":{"rendered":"http:\/\/localhost:8888\/?post_type=product&#038;p=73"},"modified":"2024-07-15T09:01:58","modified_gmt":"2024-07-15T08:01:58","slug":"engenho-da-vertente-envelhecida-tradicional","status":"publish","type":"product","link":"https:\/\/vintagespiritgarage.fr\/?product=engenho-da-vertente-envelhecida-tradicional","title":{"rendered":"Engenho Da Vertente Envelhecida"},"content":{"rendered":"<div class=\"page\" title=\"Page 15\">\n<div class=\"section\">\n<div class=\"section\">\n<div class=\"layoutArea\">\n<div class=\"column\">\n<p>Je suis parti sur les routes du Br\u00e9sil pour visiter une dizaine de distilleries. En Br\u00e9silien, Engenho da Vertente \u00e7a veut dire \u00ab l\u2019ing\u00e9nieur ou l\u2019engin de la vall\u00e9e\u00bb. L\u2019engin en question c\u2019est tout l\u2019outil de production, le broyeur de cannes, les cuves \u00e0 fermentation, l\u2019alambic chauff\u00e9 au feu de bois, et m\u00eame le bon g\u00e9nie du lieu, Renato, un Br\u00e9silien de 60 ans qui a cr\u00e9\u00e9\u00a0lui-m\u00eame sa micro-distillerie et qui dort six mois de l\u2019ann\u00e9e pr\u00e8s de son alambic.<\/p>\n<p>Les cannes sont r\u00e9colt\u00e9es autour de sa distillerie, il\u00a0coupe lui-m\u00eame les t\u00eates et les queues de la distillation et il\u00a0d\u00e9cide de la dur\u00e9e de son petit vieillissement en f\u00fbt de grapia, de jatob\u00e0, ou de jequitiba.<\/p>\n<\/div>\n<\/div>\n<\/div>\n<\/div>\n<\/div>\n","protected":false},"excerpt":{"rendered":"<div class=\"page\" title=\"Page 16\">\n<div class=\"section\">\n<div class=\"layoutArea\">\n<div class=\"column\">\n<div class=\"page\" title=\"Page 16\">\n<div class=\"section\">\n<div class=\"layoutArea\">\n<div class=\"column\">\n<p>Mille bouteilles de la cacha\u00e7\u00e0 Envelhecida vieillie en f\u00fbts de ch\u00eane viennent d\u2019arriver en\u00a0France. Pas plus pas moins. Renato, le fermier distillateur de Santo Antonio do Jardim, a enfin r\u00e9ussi \u00e0 me convaincre de faire venir sa cacha\u00e7\u00e0 vieillie.<\/p>\n<p>Il a r\u00e9ussi \u00e0 gommer une prise de bois trop forte au d\u00e9but pour faire un peu de place aux ar\u00f4mes si particuliers de sa cacha\u00e7\u00e0 artisanale Engenho Da Vertente \u00e0 peine vieillie dans des f\u00fbts de Jequitiba puis de Bourbon. Ces derniers lui ont apport\u00e9 une consistance plus huileuse et des ar\u00f4mes plus complexes qui en font plus une eau de vie de d\u00e9gustation qu\u2019un ingr\u00e9dient de cocktail.<\/p>\n<p>A vous de boire&#8230;<\/p>\n<\/div>\n<\/div>\n<\/div>\n<\/div>\n<\/div>\n<\/div>\n<\/div>\n<\/div>\n","protected":false},"featured_media":524,"comment_status":"open","ping_status":"closed","template":"","meta":[],"product_cat":[21],"product_tag":[],"_links":{"self":[{"href":"https:\/\/vintagespiritgarage.fr\/index.php?rest_route=\/wp\/v2\/product\/73"}],"collection":[{"href":"https:\/\/vintagespiritgarage.fr\/index.php?rest_route=\/wp\/v2\/product"}],"about":[{"href":"https:\/\/vintagespiritgarage.fr\/index.php?rest_route=\/wp\/v2\/types\/product"}],"replies":[{"embeddable":true,"href":"https:\/\/vintagespiritgarage.fr\/index.php?rest_route=%2Fwp%2Fv2%2Fcomments&post=73"}],"wp:featuredmedia":[{"embeddable":true,"href":"https:\/\/vintagespiritgarage.fr\/index.php?rest_route=\/wp\/v2\/media\/524"}],"wp:attachment":[{"href":"https:\/\/vintagespiritgarage.fr\/index.php?rest_route=%2Fwp%2Fv2%2Fmedia&parent=73"}],"wp:term":[{"taxonomy":"product_cat","embeddable":true,"href":"https:\/\/vintagespiritgarage.fr\/index.php?rest_route=%2Fwp%2Fv2%2Fproduct_cat&post=73"},{"taxonomy":"product_tag","embeddable":true,"href":"https:\/\/vintagespiritgarage.fr\/index.php?rest_route=%2Fwp%2Fv2%2Fproduct_tag&post=73"}],"curies":[{"name":"wp","href":"https:\/\/api.w.org\/{rel}","templated":true}]}}