{"id":757,"date":"2022-02-08T16:08:36","date_gmt":"2022-02-08T15:08:36","guid":{"rendered":"https:\/\/vintagespiritgarage.fr\/?post_type=product&#038;p=757"},"modified":"2022-02-08T16:43:03","modified_gmt":"2022-02-08T15:43:03","slug":"rhabarber-960-freimeisterkollektiv","status":"publish","type":"product","link":"https:\/\/vintagespiritgarage.fr\/?product=rhabarber-960-freimeisterkollektiv","title":{"rendered":"Rhabarber 960 Freimeisterkollektiv"},"content":{"rendered":"\r\n<p>Le collectif Freimeister est une association d&rsquo;individualistes &#8211; une combinaison de petits distillateurs ind\u00e9pendants et de barmen de premier plan. Ils innovent dans le go\u00fbt et le marketing pour ne pas laisser le march\u00e9 des spiritueux aux g\u00e9ants industriels.<\/p>\r\n\r\n\r\n\r\n<p>Freimeisterkollektiv d\u00e9fend les spiritueux faits \u00e0 la main qui fonctionnent aussi bien comme ingr\u00e9dient dans les cocktails que seuls.<br \/>De l&rsquo;amaro au vermouth et de la liqueur de rhubarbe \u00e0 la liqueur de poire, ils proposent un programme organis\u00e9 de la plus haute qualit\u00e9, directement du producteur, \u00e0 des prix \u00e9quitables.<\/p>\r\n\r\n\r\n\r\n<p>Ils veulent que leurs clients sachent ce qu&rsquo;ils boivent. Et par qui. La fabrication de leurs produits est soumise \u00e0 une transparence totale. Freimeister veut que ses clients savent ce qu&rsquo;ils boivent. Et par qui. La fabrication de leurs produits est soumise \u00e0 une transparence totale.<br \/>Ils sont le trait d&rsquo;union entre distillateurs, barmen et connaisseurs, entre ville et campagne, entre producteurs artisanaux et connaisseurs.<\/p>\r\n\r\n\r\n\r\n<p>\u2022 Produits artisanaux de micro distilleries ind\u00e9pendantes<br \/>\u2022 Produits sans ar\u00f4mes artificiels ni additifs<br \/>\u2022 Produits exempts de levures et d&rsquo;extraits d&rsquo;ar\u00f4mes<br \/>\u2022 Processus de fabrication transparents avec des mati\u00e8res premi\u00e8res durables<br \/>\u2022 Prix \u00e9quitables gr\u00e2ce \u00e0 la vente directe<\/p>\r\n","protected":false},"excerpt":{"rendered":"<div class=\"page\" title=\"Page 60\">\n<div class=\"layoutArea\">\n<div class=\"column\">LIQUEUR DE RHUBARBE<\/p>\n<p>Matthias Schulz, qui dirige une distillerie de fruits de quatrie\u0300me ge\u0301ne\u0301ration a\u0300 Diesdorf, en Saxe, et le liquoriste Gerald Schroff de la Prussian Spirits Factory se sont associe\u0301s pour concocter le Rhabarber 960. Leur liqueur est exclusivement a\u0300 base de jus de rhubarbe fait maison, Eau-de-vie de rhubarbe et sucre : sans eau ajoute\u0301e. La varie\u0301te\u0301 de rhubarbe Holsteiner Blut donne l\u2019aro\u0302me de pomme verte, tandis qu\u2019en bouche, on ressent la rhubarbe, le pamplemousse et une de\u0301licate touche de framboise. La finale est caracte\u0301rise\u0301e par le citron vert et une forte typicite\u0301 d&rsquo;acide oxalique.<\/p>\n<p><strong>50 cl \u2022 22\u00b0<\/p>\n<p><\/strong><strong>Nez<\/strong> : Pomme verte<br \/><strong>Palais<\/strong> : Fruite\u0301 et aigre, rhubarbe, notes de\u0301licates de framboise, pamplemousse<br \/><strong>Finale<\/strong> : Zeste de citron vert, acide oxalique<\/div>\n<\/div>\n<\/div>\n","protected":false},"featured_media":753,"comment_status":"open","ping_status":"closed","template":"","meta":[],"product_cat":[17],"product_tag":[],"_links":{"self":[{"href":"https:\/\/vintagespiritgarage.fr\/index.php?rest_route=\/wp\/v2\/product\/757"}],"collection":[{"href":"https:\/\/vintagespiritgarage.fr\/index.php?rest_route=\/wp\/v2\/product"}],"about":[{"href":"https:\/\/vintagespiritgarage.fr\/index.php?rest_route=\/wp\/v2\/types\/product"}],"replies":[{"embeddable":true,"href":"https:\/\/vintagespiritgarage.fr\/index.php?rest_route=%2Fwp%2Fv2%2Fcomments&post=757"}],"wp:featuredmedia":[{"embeddable":true,"href":"https:\/\/vintagespiritgarage.fr\/index.php?rest_route=\/wp\/v2\/media\/753"}],"wp:attachment":[{"href":"https:\/\/vintagespiritgarage.fr\/index.php?rest_route=%2Fwp%2Fv2%2Fmedia&parent=757"}],"wp:term":[{"taxonomy":"product_cat","embeddable":true,"href":"https:\/\/vintagespiritgarage.fr\/index.php?rest_route=%2Fwp%2Fv2%2Fproduct_cat&post=757"},{"taxonomy":"product_tag","embeddable":true,"href":"https:\/\/vintagespiritgarage.fr\/index.php?rest_route=%2Fwp%2Fv2%2Fproduct_tag&post=757"}],"curies":[{"name":"wp","href":"https:\/\/api.w.org\/{rel}","templated":true}]}}