{"id":849,"date":"2023-08-09T10:54:02","date_gmt":"2023-08-09T09:54:02","guid":{"rendered":"https:\/\/vintagespiritgarage.fr\/?post_type=product&#038;p=849"},"modified":"2023-08-09T11:09:44","modified_gmt":"2023-08-09T10:09:44","slug":"osco-rouge-ardent","status":"publish","type":"product","link":"https:\/\/vintagespiritgarage.fr\/?product=osco-rouge-ardent","title":{"rendered":"Osco &#8211; Rouge Ardent"},"content":{"rendered":"<div class=\"page\" title=\"Page 1\">\n<div class=\"section\">\n<div class=\"layoutArea\">\n<div class=\"column\">\n<p>Valorisant un savoir-faire franc\u0327ais de la production a\u0300 la re\u0301alisation, sans conservateur ni additif, OSCO offre la nature dans le verre et la renaissance d\u2019une tradition artisanale franc\u0327aise : l\u2019utilisation du verjus.<\/p>\n<p>Le Rouge Ardent propose encore une fois toute l\u2019experience d\u2019un ape\u0301ritif avec une belle attaque venant du verjus, une complexite\u0301 aromatique a\u0300 la fois gourmande et e\u0301pice\u0301e aux saveurs venues d\u2019ailleurs qui subliment les notes du Midi et une longueur en bouche bien releve\u0301e. Sans alcool, plein de caracte\u0300re !<\/p>\n<\/div>\n<div class=\"page\" title=\"Page 1\">\n<div class=\"section\">\n<div class=\"layoutArea\">\n<div class=\"column\">\n<p>\u00ab Un ape\u0301ritif sans alcool de caracte\u0300re qui inspire de nouveaux accords avec nos mets. \u00bb _ Cheffe sommelie\u0300re, restaurant 3 e\u0301toiles<\/p>\n<p>\u00ab Coup de coeur pour l\u2019e\u0301pice du Rouge Ardent et son fruite\u0301 brulant. Beaucoup de combinaisons me viennent en te\u0302te, j\u2019aime sa versatilite\u0301, mais je le bois aussi au naturel, sur glace pile\u0301e. \u00bb _ Margot, fondatrice bar a\u0300 cocktails Combat<\/p>\n<p>CARACTE\u0301RISTIQUES TECHNIQUES :<\/p>\n<ul>\n<li>0,0% alc \/ vol<\/li>\n<li>Certifie\u0301 Agriculture biologique<\/li>\n<li>Sans conservateurs, sans additifs,<\/li>\n<li>Sans gluten<\/li>\n<li>Vegan<\/li>\n<li>Production franc\u0327aise<\/li>\n<li>Plus de 96% d\u2019ingre\u0301dients produits en France<\/li>\n<li>Bouteille en verre, recyclable a\u0300 l\u2019infini<\/li>\n<li>E\u0301tiquette et carton en papier 100% recycle\u0301 et fabrique\u0301 en France<\/li>\n<\/ul>\n<\/div>\n<div class=\"column\"><\/div>\n<p>Conserver au r\u00e9frig\u00e9rateur 6 semaines apr\u00e8s ouverture<\/p>\n<\/div>\n<\/div>\n<\/div>\n<\/div>\n<\/div>\n<\/div>\n","protected":false},"excerpt":{"rendered":"<div class=\"page\" title=\"Page 86\">\n<div class=\"layoutArea\">\n<div class=\"column\">\n<p>70 cl \u2022 0\u00b0<\/p>\n<p><strong>Ingr\u00e9dients<\/strong> : eau, verjus du Pe\u0301rigord*, infusions de plantes, fruits et e\u0301pices*, sucre de cannes*, concentre\u0301 (carotte*, myrtille*), aro\u0302me naturel de cerise*, aro\u0302me naturel de pruneau, aro\u0302me naturel de gingembre, aro\u0302me naturel de pavana, aro\u0302me naturel de cannelle.<br \/>\n*Produits issus de l&rsquo;agriculture biologique<\/p>\n<p><strong>Couleur<\/strong> : Rouge carmin<br \/>\n<strong>Palais<\/strong> : Attaque digne d&rsquo;un spiritueux et issue du verjus. Rondeur des fruits rouges relev\u00e9e d&rsquo;un m\u00e9lange d&rsquo;\u00e9pices, dont du gingembre. Belle longueur en bouche piment\u00e9e<br \/>\n<strong>De\u0301gustation<\/strong> : En cocktail sans alcool, Osco Tonic ou Osco Mule<\/p>\n<\/div>\n<\/div>\n<\/div>\n","protected":false},"featured_media":850,"comment_status":"open","ping_status":"closed","template":"","meta":[],"product_cat":[26],"product_tag":[],"_links":{"self":[{"href":"https:\/\/vintagespiritgarage.fr\/index.php?rest_route=\/wp\/v2\/product\/849"}],"collection":[{"href":"https:\/\/vintagespiritgarage.fr\/index.php?rest_route=\/wp\/v2\/product"}],"about":[{"href":"https:\/\/vintagespiritgarage.fr\/index.php?rest_route=\/wp\/v2\/types\/product"}],"replies":[{"embeddable":true,"href":"https:\/\/vintagespiritgarage.fr\/index.php?rest_route=%2Fwp%2Fv2%2Fcomments&post=849"}],"wp:featuredmedia":[{"embeddable":true,"href":"https:\/\/vintagespiritgarage.fr\/index.php?rest_route=\/wp\/v2\/media\/850"}],"wp:attachment":[{"href":"https:\/\/vintagespiritgarage.fr\/index.php?rest_route=%2Fwp%2Fv2%2Fmedia&parent=849"}],"wp:term":[{"taxonomy":"product_cat","embeddable":true,"href":"https:\/\/vintagespiritgarage.fr\/index.php?rest_route=%2Fwp%2Fv2%2Fproduct_cat&post=849"},{"taxonomy":"product_tag","embeddable":true,"href":"https:\/\/vintagespiritgarage.fr\/index.php?rest_route=%2Fwp%2Fv2%2Fproduct_tag&post=849"}],"curies":[{"name":"wp","href":"https:\/\/api.w.org\/{rel}","templated":true}]}}