{"id":937,"date":"2025-01-15T14:28:42","date_gmt":"2025-01-15T13:28:42","guid":{"rendered":"https:\/\/vintagespiritgarage.fr\/?post_type=product&#038;p=937"},"modified":"2025-01-15T14:54:36","modified_gmt":"2025-01-15T13:54:36","slug":"tequila-calle-23-blanco-garrafa","status":"publish","type":"product","link":"https:\/\/vintagespiritgarage.fr\/?product=tequila-calle-23-blanco-garrafa","title":{"rendered":"Tequila Calle 23 Blanco &#8211; Garrafa"},"content":{"rendered":"<p>Toutes les statistiques concernant La Garrafa :<br \/>\n&#8211; 100 % de verre recycl\u00e9 localement<br \/>\n&#8211; 4 litres \u00e9quivalent \u00e0 5,7 bouteilles de 70cl ; la bouteille en verre est presque 50% plus l\u00e9g\u00e8re<br \/>\n&#8211; Et plus de 15% moins cher par litre<\/p>\n<p><strong>Tequila Calle 23<\/strong><\/p>\n<p>Sophie Decobecq me dit : \u201cNous se\u0301lectionnons minutieusement les agaves bleues de la re\u0301gion de Los Altos de Jalisco. Parce que seules les plantes de ces hauts plateaux apportent \u00e0 la Tequila Calle 23 un caracte\u0300re fruite\u0301 et e\u0301pice\u0301 : le sol rouge, riche en mine\u0301raux, associe\u0301 au climat Mexicain ou\u0300 alternent saison de pluies et saison se\u0300che, cre\u0301ent des coeurs d\u2019agaves (pin\u0303as) gorge\u0301s de sucre et d\u2019aro\u0302mes. Ces aro\u0302mes nous les aimons, nous les pre\u0301servons et nous les de\u0301veloppons pendant les e\u0301tapes de fermentation et de distillation, ou lors du vieillissement en fu\u0302ts des tequilas reposado et anejo. Chaque cate\u0301gorie de Calle 23 vous permettra de sentir, de gou\u0302ter et d\u2019appre\u0301cier l\u2019aro\u0302me unique de ces agaves bleues. \u00bb<\/p>\n<p>Dois-je croire cette magicienne ? A\u0300 l\u2019aveugle je de\u0301guste sept Tequilas et je de\u0301couvre chez Calle 23 une re\u0301elle frai\u0302cheur, un vrai gou\u0302t d\u2019agave qui tranche sur ses concurrentes.<\/p>\n","protected":false},"excerpt":{"rendered":"<p>CALLE 23 ORIGINAL BLANCO devient plus grande et plus verte.<br \/>\nLa premi\u00e8re version de la Garrafa a \u00e9t\u00e9 \u00e9tiquet\u00e9e \u00ab La Grandota \u00bb, la grande, pour c\u00e9l\u00e9brer son arriv\u00e9e et son caract\u00e8re audacieux.<\/p>\n<p>LA GARRAFA<br \/>\nLe chemin qui m\u00e8ne \u00e0 des pratiques plus \u00e9cologiques et plus durables est long et souvent sinueux, mais c&rsquo;est un chemin qui doit \u00eatre emprunt\u00e9. Il n&rsquo;y a pas de \u00ab formule magique \u00bb qui puisse r\u00e9soudre le probl\u00e8me, mais chaque contribution, aussi petite soit-elle, peut faire et fera la diff\u00e9rence.<br \/>\nLa \u00ab Garrafa \u00bb de Calle 23 est une id\u00e9e n\u00e9e de ce sentiment.<\/p>\n<p>M\u00caME TEQUILA, TENUE DIFF\u00c9RENTE !<\/p>\n","protected":false},"featured_media":938,"comment_status":"open","ping_status":"closed","template":"","meta":[],"product_cat":[14],"product_tag":[],"_links":{"self":[{"href":"https:\/\/vintagespiritgarage.fr\/index.php?rest_route=\/wp\/v2\/product\/937"}],"collection":[{"href":"https:\/\/vintagespiritgarage.fr\/index.php?rest_route=\/wp\/v2\/product"}],"about":[{"href":"https:\/\/vintagespiritgarage.fr\/index.php?rest_route=\/wp\/v2\/types\/product"}],"replies":[{"embeddable":true,"href":"https:\/\/vintagespiritgarage.fr\/index.php?rest_route=%2Fwp%2Fv2%2Fcomments&post=937"}],"wp:featuredmedia":[{"embeddable":true,"href":"https:\/\/vintagespiritgarage.fr\/index.php?rest_route=\/wp\/v2\/media\/938"}],"wp:attachment":[{"href":"https:\/\/vintagespiritgarage.fr\/index.php?rest_route=%2Fwp%2Fv2%2Fmedia&parent=937"}],"wp:term":[{"taxonomy":"product_cat","embeddable":true,"href":"https:\/\/vintagespiritgarage.fr\/index.php?rest_route=%2Fwp%2Fv2%2Fproduct_cat&post=937"},{"taxonomy":"product_tag","embeddable":true,"href":"https:\/\/vintagespiritgarage.fr\/index.php?rest_route=%2Fwp%2Fv2%2Fproduct_tag&post=937"}],"curies":[{"name":"wp","href":"https:\/\/api.w.org\/{rel}","templated":true}]}}