{"id":94,"date":"2015-03-06T18:43:57","date_gmt":"2015-03-06T17:43:57","guid":{"rendered":"http:\/\/localhost:8888\/?product=rakomelo-2"},"modified":"2021-05-05T17:05:15","modified_gmt":"2021-05-05T16:05:15","slug":"rakomelo-2","status":"publish","type":"product","link":"https:\/\/vintagespiritgarage.fr\/?product=rakomelo-2","title":{"rendered":"Roots Rakomelo"},"content":{"rendered":"<p>Finest Roots a \u00e9t\u00e9 fond\u00e9e en 2011. C\u2019est une ligne originale de 4 produits de haut de gamme, vraiment premium : Mastiha, Rakomelo, Herb Spirit, Tenture. Soigneusement \u00e9labor\u00e9s dans notre\u00a0distillerie, nos produits Finest Roots\u00a0ont \u00e9t\u00e9 lanc\u00e9s en f\u00e9vrier 2013.<\/p>\n<p>Nos distilleries, une entreprise familiale fond\u00e9e en 1850 \u00e0 Kalamata, en Gr\u00e8ce, sont parmi les plus anciennes distilleries du pays. Au cours de nos\u00a0163 ann\u00e9es d\u2019histoire, elles ont re\u00e7u plusieurs prix internationaux. Contrairement aux pratiques courantes, tous nos produits, jusqu\u2019\u00e0 la derni\u00e8re goutte, sont faits uniquement avec 100% d\u2019extraits naturels, sans additifs artificiels ni essences de\u00a0saveur. La philosophie Roots Finest est d\u2019offrir une gamme premium de tr\u00e8s haute qualit\u00e9, absolument pure, sans concessions.<\/p>\n","protected":false},"excerpt":{"rendered":"<p>Marc de raisin distill\u00e9 naturellement avec du miel, m\u00e9lang\u00e9 avec de la cannelle et des\u00a0bourgeons de clou de girofle. L\u2019histoire de Rakomelo remonte au 12\u00e8me si\u00e8cle, quand la p\u00e9ninsule\u00a0du P\u00e9loponn\u00e8se \u00e9tait sous occupation franque. D\u2019autres replacent son histoire sur l\u2019\u00eele de Cr\u00e8te et les\u00a0\u00celes des Cyclades.<\/p>\n<p>Peu importe, la v\u00e9rit\u00e9 c\u2019est que le miel naturel se marie harmonieusement avec la force de l\u2019esprit raki, tandis que la cannelle et les bourgeons du clou de girofle ajoutent la touche finale \u00e0 une saveur singuli\u00e8re et remarquable. Contenant seulement du miel (pas de sucre !) il a \u00e9t\u00e9 utilis\u00e9 tout au long des si\u00e8cles en Gr\u00e8ce comme une panac\u00e9e pour les rhumes saisonniers.<\/p>\n<p><strong>Saveur<\/strong> : Naturellement douce, le miel et le go\u00fbt vif d\u2019\u00e9pices avec une tr\u00e8s riche et d\u00e9licate sensation en bouche.<br \/>\n<strong>Ar\u00f4me<\/strong> : fort et flamboyant, l\u00e9g\u00e8re- ment fruit\u00e9, parfum de noix avec une notable senteur d\u2019alcool<br \/>\n<strong>Couleur<\/strong> : brillant, teinte jazzy et chaleureuse de l\u2019or au jaune.<\/p>\n","protected":false},"featured_media":671,"comment_status":"open","ping_status":"closed","template":"","meta":[],"product_cat":[17],"product_tag":[],"_links":{"self":[{"href":"https:\/\/vintagespiritgarage.fr\/index.php?rest_route=\/wp\/v2\/product\/94"}],"collection":[{"href":"https:\/\/vintagespiritgarage.fr\/index.php?rest_route=\/wp\/v2\/product"}],"about":[{"href":"https:\/\/vintagespiritgarage.fr\/index.php?rest_route=\/wp\/v2\/types\/product"}],"replies":[{"embeddable":true,"href":"https:\/\/vintagespiritgarage.fr\/index.php?rest_route=%2Fwp%2Fv2%2Fcomments&post=94"}],"wp:featuredmedia":[{"embeddable":true,"href":"https:\/\/vintagespiritgarage.fr\/index.php?rest_route=\/wp\/v2\/media\/671"}],"wp:attachment":[{"href":"https:\/\/vintagespiritgarage.fr\/index.php?rest_route=%2Fwp%2Fv2%2Fmedia&parent=94"}],"wp:term":[{"taxonomy":"product_cat","embeddable":true,"href":"https:\/\/vintagespiritgarage.fr\/index.php?rest_route=%2Fwp%2Fv2%2Fproduct_cat&post=94"},{"taxonomy":"product_tag","embeddable":true,"href":"https:\/\/vintagespiritgarage.fr\/index.php?rest_route=%2Fwp%2Fv2%2Fproduct_tag&post=94"}],"curies":[{"name":"wp","href":"https:\/\/api.w.org\/{rel}","templated":true}]}}