{"id":967,"date":"2025-03-18T14:47:56","date_gmt":"2025-03-18T13:47:56","guid":{"rendered":"https:\/\/vintagespiritgarage.fr\/?post_type=product&#038;p=967"},"modified":"2025-03-18T15:02:21","modified_gmt":"2025-03-18T14:02:21","slug":"osco-leclat-brut","status":"publish","type":"product","link":"https:\/\/vintagespiritgarage.fr\/?product=osco-leclat-brut","title":{"rendered":"Osco &#8211; L&rsquo;\u00c9clat brut"},"content":{"rendered":"<div class=\"page\" title=\"Page 1\">\n<div class=\"section\">\n<div class=\"layoutArea\">\n<div class=\"column\">\n<p>Valorisant un savoir-faire franc\u0327ais de la production a\u0300 la re\u0301alisation, sans conservateur ni additif, OSCO offre la nature dans le verre et la renaissance d\u2019une tradition artisanale franc\u0327aise : l\u2019utilisation du verjus.<\/p>\n<p>L&rsquo;E\u0301clat Brut e\u0301voque une promenade a\u0300 travers un verger ensoleille\u0301 avec ses notes subtiles de fruits mu\u0302rs et la frai\u0302cheur de\u0301licate des feuilles de figuier. Sa base de verjus, le\u0301ge\u0300rement acidule\u0301e, apporte une tension raffine\u0301e e\u0301quilibrant a\u0300 merveille ses aro\u0302mes ve\u0301ge\u0301taux et fruite\u0301s.<\/p>\n<p>Cet ape\u0301ritif pe\u0301tillant sans alcool marie tradition et modernite\u0301 dans un e\u0301clat de frai\u0302cheur naturelle. Parfait pour les grandes et petites occasions !<br \/>\nAvec une faible teneur en sucres et ses bulles tre\u0300s fines, OSCO L\u2019E\u0301clat Brut se de\u0301guste tre\u0300s frais en coupe ou en accord avec des mets comme un poisson blanc ou du fromage.<\/p>\n<p>Me\u0302me son nom e\u0301voque la douceur de vivre du Midi : OSCO est l&rsquo;exclamation occitane entendue sur les marche\u0301s lorsque l\u2019on arrivait au bon poids, a\u0300 la bonne mesure.<br \/>\n\u00ab Osco ! Bravo, bien joue\u0301 !\u00bb.<\/p>\n<\/div>\n<\/div>\n<\/div>\n<\/div>\n","protected":false},"excerpt":{"rendered":"<div class=\"page\" title=\"Page 86\">\n<div class=\"layoutArea\">\n<div class=\"column\">\n<p>75 cl \u2022 0\u00b0<\/p>\n<p><strong>Ingr\u00e9dients<\/strong> : <span class=\"s1\">eau gaz\u00e9ifi\u00e9e, verjus*, jus de raisin S\u00e9millon-Sauvignon*, infusions de plantes* (feuilles de figuier*, hibiscus blanc*, th\u00e9 noir Parala\u00ef*, gentiane*), ar\u00f4mes naturels de fruits du verger*, de mirabelle, de fleur de sureau*, d\u2019osmanthus, jus de citron*.<br \/>\n<\/span>*Produits issus de l&rsquo;agriculture biologique<br \/>\n<strong>Couleur<\/strong> : Dor\u00e9e<br \/>\n<strong>Palais<\/strong> : <span class=\"s1\">Rond et v\u00e9g\u00e9tal. Fines bulles, notes de fruits du verger et de feuilles de figuier. Belle tension acidul\u00e9e issue du verjus, \u00e9quilibr\u00e9e par les tanins l\u00e9gers du th\u00e9 noir Parala\u00ef.<br \/>\n<\/span><strong>De\u0301gustation<\/strong> : Tr\u00e8s frais, dans une coupe<\/p>\n<\/div>\n<\/div>\n<\/div>\n","protected":false},"featured_media":968,"comment_status":"open","ping_status":"closed","template":"","meta":[],"product_cat":[26],"product_tag":[],"_links":{"self":[{"href":"https:\/\/vintagespiritgarage.fr\/index.php?rest_route=\/wp\/v2\/product\/967"}],"collection":[{"href":"https:\/\/vintagespiritgarage.fr\/index.php?rest_route=\/wp\/v2\/product"}],"about":[{"href":"https:\/\/vintagespiritgarage.fr\/index.php?rest_route=\/wp\/v2\/types\/product"}],"replies":[{"embeddable":true,"href":"https:\/\/vintagespiritgarage.fr\/index.php?rest_route=%2Fwp%2Fv2%2Fcomments&post=967"}],"wp:featuredmedia":[{"embeddable":true,"href":"https:\/\/vintagespiritgarage.fr\/index.php?rest_route=\/wp\/v2\/media\/968"}],"wp:attachment":[{"href":"https:\/\/vintagespiritgarage.fr\/index.php?rest_route=%2Fwp%2Fv2%2Fmedia&parent=967"}],"wp:term":[{"taxonomy":"product_cat","embeddable":true,"href":"https:\/\/vintagespiritgarage.fr\/index.php?rest_route=%2Fwp%2Fv2%2Fproduct_cat&post=967"},{"taxonomy":"product_tag","embeddable":true,"href":"https:\/\/vintagespiritgarage.fr\/index.php?rest_route=%2Fwp%2Fv2%2Fproduct_tag&post=967"}],"curies":[{"name":"wp","href":"https:\/\/api.w.org\/{rel}","templated":true}]}}